 tens digit of 792201916?
1
What is the hundred thousands digit of 5499155281?
1
What is the hundreds digit of 120152352?
3
What is the hundred thousands digit of 127976377?
9
What is the ten thousands digit of 174228867?
2
What is the units digit of 934546?
6
What is the hundreds digit of 269221526?
5
What is the hundreds digit of 180987906?
9
What is the ten millions digit of 18263660?
1
What is the hundred millions digit of 392147200?
3
What is the tens digit of 1311666245?
4
What is the millions digit of 169888990?
9
What is the ten millions digit of 18645936?
1
What is the units digit of 5725162491?
1
What is the ten millions digit of 11473492?
1
What is the ten thousands digit of 94533534?
3
What is the ten thousands digit of 2426158627?
5
What is the hundred millions digit of 1117748204?
1
What is the millions digit of 1115264305?
5
What is the thousands digit of 381929695?
9
What is the ten millions digit of 2492799365?
9
What is the units digit of 67861402?
2
What is the millions digit of 81164356?
1
What is the hundred millions digit of 508052178?
5
What is the hundred millions digit of 1107759388?
1
What is the billions digit of 3090385707?
3
What is the units digit of 1141341232?
2
What is the hundred thousands digit of 137415015?
4
What is the thousands digit of 303005136?
5
What is the ten millions digit of 2555662091?
5
What is the units digit of 4421543208?
8
What is the hundreds digit of 292126857?
8
What is the billions digit of 3386366992?
3
What is the ten millions digit of 60646881?
6
What is the hundred thousands digit of 37923997?
9
What is the thousands digit of 155327322?
7
What is the millions digit of 7210629?
7
What is the ten thousands digit of 3729008298?
0
What is the hundreds digit of 53102072?
0
What is the hundred thousands digit of 1803638979?
6
What is the hundred thousands digit of 24462633?
4
What is the ten millions digit of 717440847?
1
What is the hundred millions digit of 369584349?
3
What is the thousands digit of 230961057?
1
What is the units digit of 91547252?
2
What is the tens digit of 37288727?
2
What is the thousands digit of 5539545?
9
What is the ten thousands digit of 43889642?
8
What is the ten thousands digit of 36608834?
0
What is the hundreds digit of 95634829?
8
What is the thousands digit of 3722344262?
4
What is the ten thousands digit of 132294398?
9
What is the millions digit of 416206055?
6
What is the ten thousands digit of 31047465?
4
What is the ten thousands digit of 2664267836?
6
What is the ten thousands digit of 9436644?
3
What is the hundreds digit of 2153064283?
2
What is the ten thousands digit of 124538493?
3
What is the hundred millions digit of 7376506587?
3
What is the millions digit of 309712621?
9
What is the ten millions digit of 547949132?
4
What is the tens digit of 45964598?
9
What is the ten thousands digit of 227204196?
0
What is the ten thousands digit of 1992193077?
9
What is the ten thousands digit of 1679444457?
4
What is the hundred millions digit of 2788070178?
7
What is the units digit of 39474202?
2
What is the thousands digit of 528952692?
2
What is the thousands digit of 22992400?
2
What is the hundred millions digit of 385064499?
3
What is the units digit of 53145359?
9
What is the millions digit of 59280136?
9
What is the thousands digit of 563276575?
6
What is the hundreds digit of 138266026?
0
What is the hundreds digit of 952893582?
5
What is the hundred thousands digit of 4879732467?
7
What is the hundred thousands digit of 253217379?
2
What is the hundred millions digit of 104018267?
1
What is the hundred thousands digit of 158408119?
4
What is the ten thousands digit of 200177312?
7
What is the hundreds digit of 642716772?
7
What is the ten thousands digit of 38807744?
0
What is the ten millions digit of 53858617?
5
What is the hundreds digit of 1305667958?
9
What is the ten thousands digit of 40875386?
7
What is the ten thousands digit of 669301937?
0
What is the ten thousands digit of 12268814?
6
What is the hundreds digit of 500768252?
2
What is the ten thousands digit of 2742596039?
9
What is the ten millions digit of 100676783?
0
What is the ten thousands digit of 761367072?
6
What is the tens digit of 86238535?
3
What is the hundreds digit of 3012193218?
2
What is the hundreds digit of 31944906?
9
What is the thousands digit of 370584707?
4
What is the ten thousands digit of 4460022918?
2
What is the units digit of 2329845817?
7
What is the hundreds digit of 98197471?
4
What is the hundreds digit of 173111130?
1
What is the units digit of 29329276?
6
What is the ten millions digit of 300642414?
0
What is the ten millions digit of 273839188?
7
What is the hundreds digit of 5653353?
3
What is the hundred thousands digit of 200820105?
8
What is the millions digit of 1938995603?
8
What is the ten millions digit of 493874500?
9
What is the hundreds digit of 46201603?
6
What is the thousands digit of 126973208?
3
What is the thousands digit of 98926140?
6
What is the hundred millions digit of 110900679?
1
What is the millions digit of 2246225441?
6
What is the units digit of 233844169?
9
What is the hundred thousands digit of 71633343?
6
What is the hundred millions digit of 388754603?
3
What is the units digit of 134812925?
5
What is the hundred thousands digit of 271753470?
7
What is the ten millions digit of 3412257197?
1
What is the hundred millions digit of 1357734178?
3
What is the ten thousands digit of 232353249?
5
What is the ten millions digit of 390238741?
9
What is the hundred millions digit of 2693011767?
6
What is the units digit of 67194905?
5
What is the millions digit of 34260260?
4
What is the ten thousands digit of 1504214069?
1
What is the millions digit of 150041944?
0
What is the billions digit of 1367571603?
1
What is the thousands digit of 96388040?
8
What is the hundred millions digit of 891777692?
8
What is the units digit of 74287916?
6
What is the units digit of 1002023651?
1
What is the billions digit of 7266321682?
7
What is the hundred millions digit of 304452688?
3
What is the millions digit of 1922541116?
2
What is the units digit of 2477722?
2
What is the tens digit of 152451933?
3
What is the millions digit of 1761792344?
1
What is the hundred thousands digit of 8767266?
7
What is the millions digit of 1602251950?
2
What is the thousands digit of 47232186?
2
What is the units digit of 2674547274?
4
What is the hundred thousands digit of 466329236?
3
What is the tens digit of 129717766?
6
What is the hundreds digit of 35878710?
7
What is the units digit of 1689635761?
1
What is the hundreds digit of 2255939908?
9
What is the ten thousands digit of 717239189?
3
What is the tens digit of 81747405?
0
What is the units digit of 2413334?
4
What is the tens digit of 658731280?
8
What is the hundred thousands digit of 1987294152?
2
What is the thousands digit of 2747315337?
5
What is the hundred millions digit of 822707760?
8
What is the ten millions digit of 236361442?
3
What is the millions digit of 241531419?
1
What is the hundred thousands digit of 129492542?
4
What is the units digit of 208769799?
9
What is the hundred thousands digit of 129598567?
5
What is the hundred thousands digit of 64750860?
7
What is the billions digit of 1655585724?
1
What is the units digit of 7960872?
2
What is the hundred thousands digit of 1245700713?
7
What is the ten millions digit of 26142974?
2
What is the ten thousands digit of 852893238?
9
What is the millions digit of 102080935?
2
What is the tens digit of 864809809?
0
What is the units digit of 128388531?
1
What is the hundred thousands digit of 22709537?
7
What is the billions digit of 1211540348?
1
What is the hundreds digit of 30922391?
3
What is the billions digit of 3103432966?
3
What is the thousands digit of 37505586?
5
What is the tens digit of 132240729?
2
What is the thousands digit of 58230009?
0
What is the hundreds digit of 61221925?
9
What is the ten thousands digit of 19880451?
8
What is the hundred thousands digit of 45820461?
8
What is the ten millions digit of 504084330?
0
What is the units digit of 58082763?
3
What is the ten millions digit of 36705539?
3
What is the ten millions digit of 6883277364?
8
What is the ten millions digit of 4522077607?
2
